= o*j(d) + 17*q(d). What is x(-3)?
-2
Let u(c) = 3*c - 28. Let m be u(11). Let r(s) = -s**3 + 4*s**2 + 5*s. Let g be r(5). Let p be -3 - g - m/5. Let i(k) = -k**3 - 3*k**2 + 3*k. Calculate i(p).
4
Suppose -4*y - 3*n = -5*n - 10, 3*y + 2*n + 10 = 0. Let l(z) be the first derivative of 2*z**3 - 2 + y*z**2 + 2*z + 1/4*z**4. Determine l(-6).
2
Let u(v) be the second derivative of -v**6/180 + v**5/40 - v**4/12 + v**3/6 + 4*v. Let m(l) be the second derivative of u(l). Let b = 7 - 5. What is m(b)?
-4
Let j(y) = -y**2 - 6*y - 6. Let c = 710 - 712. Suppose 7 = h + 14. Let q = h - c. Give j(q).
-1
Let r = -109 + 115. Let o(x) be the second derivative of 0 - 3*x + 0*x**2 - 1/6*x**3. Determine o(r).
-6
Let w = 6 - 6. Let k(q) = -1 + 3 - 3*q + w - q**3 - 4*q**2 + 0. Suppose 0 = -2*n - 2*f - 0*f, -5*n + 5*f - 30 = 0. What is k(n)?
2
Let o(z) = -9*z + 1. Suppose -10 + 5 = -5*y. Let l(j) = j. Let b(g) = y*o(g) + 6*l(g). Calculate b(2).
-5
Let c(i) be the third derivative of -i**6/120 - i**5/60 + i**4/24 + i**3 - 244*i**2. Let a(r) = -r**3 + r**2 - r + 1. Let m be a(1). Determine c(m).
6
Let c(t) = t + 1. Let w be 12/3*2/4. Suppose -3*v + 80 = -4*f, 3*f = -w*v + 8*f + 58. Suppose 4*q = -4*a + 2*q - v, 0 = 5*q + 10. Determine c(a).
-4
Let a be ((-2)/(-4) - 2)*2. Let x be (-20)/(-11) + 10/55. Let v(o) = x*o**2 - o**2 + 0*o**2 + 4 + 5*o - 2*o. Calculate v(a).
4
Let g(d) = d + 9*d - d. Suppose 3*m = -7*m + 20. Suppose -m*q = -10*b + 5*b + 1, 0 = 2*q + 6. Determine g(b).
-9
Let w(z) = z**2 - 8*z - 6. Let r be w(9). Let a(u) = -605*u + 605*u + 8*u**r. Give a(-1).
-8
Let s = -63 - -66. Let j(a) = -3*a + 0*a + 7*a**2 - 15*a**2 + 9*a**2. Calculate j(s).
0
Suppose -4*o = 4, 4*c - 42*o = -40*o - 6. Let w(n) = n + 1. Determine w(c).
-1
Let g(z) = z + 7. Let t be -2*(-3)/6*3. Let q be 2/t*(-15)/10. Let y be 10/1*q/2. Calculate g(y).
2
Let f be 98/(-70) + 1 + (-6)/10. Let h = 2 - 1. Let o(i) = -2*i + i + h + 7*i**3 + i + 2*i**2 + 2*i. Calculate o(f).
-6
Let p(c) = 3*c**3 - 8*c + 462 - 230 - 2*c**3 - 223 - 5*c**2. Calculate p(6).
-3
Let n(q) = -q**3 - 5*q**2 + 5*q - 1. Let o be n(-6). Let f(z) = z**3 - 6*z**2 + 6*z - 10. Determine f(o).
-5
Let n(d) = -d**3 - 3*d**2 - d + 5. Suppose 18*s - 27*s - 36 = 0. Give n(s).
25
Let h(z) = 4*z + 3. Let j(y) = y**3 + 6*y**2 + 9*y + 1. Suppose -s + 4*q - 20 = 0, 1 = 4*s + 5*q - 3. Let t be j(s). Give h(t).
-9
Let y(h) = h**2 - 2*h. Let p(q) = q**3 - 11*q**2 + 14*q + 6. Let w(v) = p(v) + 5*y(v). Determine w(5).
1
Let j = -47 + 41. Let v(g) = g + 14. Let h be v(j). Let f(c) = -c**2 + 7*c + 3. Determine f(h).
-5
Let f(r) = 2*r - 40. Let j be f(25). Let h(a) = -a**3 + 10*a**2 + a + 6. What is h(j)?
16
Let k(b) be the third derivative of -1/60*b**5 + 0*b + 37*b**2 + 0*b**3 + 0 - 1/12*b**4. Calculate k(3).
-15
Let g = 18 - 11. Suppose -4*h + g = -5. Let o(n) = -n**3 + 2*n**2 + n. What is o(h)?
-6
Let o be ((-4)/(-48) - (-3)/12)/1. Let f(c) be the third derivative of -o*c**3 + 0 + 0*c + 1/8*c**4 + 6*c**2. Calculate f(2).
4
Suppose 37*l + 87 = 8*l. Let j(z) = 2*z**2 - 2*z - 2. Give j(l).
22
Let s(z) = -z**3 - 7*z**2 - 5*z + 14. Suppose 5*m = -10 - 20. Calculate s(m).
8
Let t(l) = -l**3 + l**2 - 2*l + 3. Let n(i) = i**2 + 5 + 6 - 3*i - 6. Let u be n(2). Let r be 6/9 - (-4)/u. Determine t(r).
-5
Let x(c) = 9*c - 9*c - c - 1. What is x(-1)?
0
Let p(y) = -4*y**2 + 5*y. Let b(o) = -9*o**2 + 11*o. Let f be (1*(2 + 1))/(6/(-10)). Let h(k) = f*p(k) + 2*b(k). What is h(3)?
9
Let r(j) = -3*j**3 + 3*j**2 - 3*j + 2. Let x(k) = -2*k**3 + 91*k**2 + 42*k + 186. Let f be x(46). What is r(f)?
-16
Let y(m) = 2*m - 1. Suppose 0*k + 4*k = -o + 34, 2*k - 20 = -2*o. Suppose -6 = -k*n - 30. Give y(n).
-7
Let n(y) be the second derivative of -y**4/12 + y**3/6 + 3*y**2 + 692*y. What is n(-2)?
0
Let t(x) = -x - 4. Let o(j) = -7*j - 19. Let s(h) = o(h) - 6*t(h). What is s(-5)?
10
Let u(o) = -2*o**2 + 4*o + 7. Let s be u(2). Let k(q) = -q**3 + 6*q**2 + 4*q + 10. What is k(s)?
-11
Suppose 2 = 5*t - 18. Let y(m) = -2*m**3 + 2*m**2 + 6*m. Let k(j) = 3*j**3 - j**2 - 7*j - 1. Let x(f) = t*y(f) + 3*k(f). Suppose -19*d + 20*d = -3. Give x(d).
6
Let l(m) be the third derivative of -m**3/6 + 6*m**2. Let a(v) = v - 2. Let k(i) = -a(i) + 3*l(i). What is k(-8)?
7
Let t(d) = -31 + 20 + d**2 + 12 + d. Give t(-6).
31
Let b(n) be the first derivative of -n**5/120 + 5*n**4/8 - 10*n**3/3 - 28. Let o(w) be the third derivative of b(w). What is o(0)?
15
Suppose l + 18 = -2*l. Let q(p) = 5*p - 9*p**2 + 12*p**2 + p - 8*p**2 - p**3 + 1. Determine q(l).
1
Let q be ((-2)/4)/((-2)/4). Let g be q + -2 + 0 + 2. Let z(u) be the third derivative of u**5/20 - u**4/24 + u**3/6 + 3819*u**2. Give z(g).
3
Suppose -5*i - 24 = -2*s - 8*i, 0 = -5*s - i + 34. Let g(d) = d - 12. Calculate g(s).
-6
Let u(i) = -14*i**2 - 99*i - 5. Let r be u(-7). Let n(k) = -2*k + 1. What is n(r)?
-3
Let m(t) = 13*t**2 - 4*t + 31. Let d(z) = 11*z**2 - 6*z + 31. Let g(p) = -6*d(p) + 5*m(p). Calculate g(13).
8
Let w(y) = y**3 + 0 - 5 - 3*y**2 + 10*y**2 + 0*y**3 - 8*y + 0. Determine w(-8).
-5
Let r be (1/3)/((-3)/(-9)). Let c(g) = g**2 + g - 1. Let k be c(r). Let h(j) = k - 6*j + 4*j + 3*j. Calculate h(6).
7
Let b(z) = -1164 - 3*z**3 + 5*z**2 - 4*z + 1165 + 2*z**3. Give b(2).
5
Let j(k) = -15 - 13 + k**2 + 33 - 7 - k. What is j(6)?
28
Let c(p) = 3*p**2 - 11*p + 4. Let x(r) = -r**2 + 4*r + 1. Let m be x(3). Determine c(m).
8
Let n(d) = d**2 + 9*d + 9. Suppose -24 = -2*u + 3*m, 52 = 4*u - 0*m - 4*m. Let x = u - 22. Determine n(x).
-5
Suppose 0 = -j + 6*j - 25. Let b(i) = -11*i**3 + 9*i**2 - 2*i + 6. Let g(a) = -13*a**3 + 10*a**2 - 3*a + 7. Let t(h) = -6*b(h) + 5*g(h). Determine t(j).
9
Suppose -f - 8 = 4*q + 3*f, 5*f + 30 = 5*q. Let b(r) = 35*r - r**q - 2*r**2 - 32*r + 7 + 2*r**2. Suppose 3*o + x - 13 = 0, 3*o + 22 = 7*o - x. What is b(o)?
-3
Let p = -784 - -793. Let j(u) be the first derivative of u**2/2 - 4*u - 2. Give j(p).
5
Let p(q) = q**3 - 8*q**2 + 2. Let b(f) = f + 26. Let g be b(-10). Suppose -11*s = -13*s + g. What is p(s)?
2
Let u(f) = -f**2 + 7*f + 5. Let w(y) = 3*y**2 - 6*y - 5. Let t be w(-3). Let j = -32 + t. Give u(j).
-3
Let f(o) = -10*o**2 + o - 3. Let t(k) = -19*k**2 + 3*k - 7. Let h(z) = -5*f(z) + 2*t(z). Let w be (-7 - (0 - 1)) + 5. Determine h(w).
12
Let c(t) be the first derivative of t - 20 + t**2 + 5*t - 7*t. Calculate c(-2).
-5
Let a = 4 - 10. Let k(s) = -20*s**3 + 5*s**2 + 12. Let l(y) = 7*y**3 - 2*y**2 - 4. Let t(r) = a*k(r) - 17*l(r). Suppose 36 - 51 = 5*i. Determine t(i).
5
Suppose -1098*k = -1087*k - 121. Let v(i) be the third derivative of -1/24*i**4 - k*i**2 - 1/30*i**6 + 0*i + 0 - 1/30*i**5 + 0*i**3. Give v(-1).
3
Let s be ((-4)/30)/(12/180). Let b(l) be the third derivative of l**6/120 + l**5/20 + l**4/24 - l**3/3 + 2*l**2. Determine b(s).
0
Let z(h) = -h**3 + 7*h**2 + h - 2. Let o(t) = 2*t + 1. Let q be o(3). Let r be z(q). Let n(p) = -p**3 + 6*p**2 - 5*p - 2. Determine n(r).
-2
Let m be (0 - 0) + (16 - 18). Let h be 2 - -3*m/6. Let d(c) = 3*c + 2*c + 5*c. Determine d(h).
10
Let x(r) = -6*r + 4. Let d = -1709 - -1712. What is x(d)?
-14
Let w be 399/114 + 2/4. Let b(z) = 2*z**3 - z**2 - 19. Let a be (-29)/3 - 2/(-3). Let l(m) = -m**3 + m**2 + 9. Let i(k) = a*l(k) - 4*b(k). Give i(w).
-21
Let a(h) = 2*h**2 + 6*h + 7. Suppose 4*o = -k + 3*k + 6, 5*k = 4*o - 15. What is a(k)?
7
Let j(o) = o**3 - o**2 + o - 2. Let l be j(2). Suppose -4*v = -3*g - 18, -2*g + 8 = l*v - 0. Let k(r) = -2*r + 3*r - 6 + 0*r. Determine k(v).
-3
Let x(u) = u**3 - 6*u**2 - u - 2. Let g(r) = -5*r**3 + 24*r**2 + 5*r + 8. Let j(d) = -2*g(d) - 9*x(d). Let q = 17 - 8. Suppose 30 = -q*m + 4*m. Calculate j(m).
8
Let y(i) = -11*i**3 - 13*i**2 - 6*i + 10. Let j(g) = 28*g**3 + 26*g**2 + 13*g - 20. Let c(l) = 2*j(l) + 5*y(l). Calculate c(13).
-42
Suppose -w + 1 = -1. Let z(h) = -4*h - h**w - 3 + 3*h - 7*h + 0*h**2. Determine z(-6).
9
Let o = -136 - -136. Let t(n) be the second derivative of -1/2*n**2 + 5*n + o - 5/6*n**3. Determine t(-2).
9
Let b(u) = u - 1. Let t(r) = 4*r + 8. Suppose -19 = 5*s - 4. Let i be t(s). Give b(i).
-5
Let r(l) = -2*l**3 - 32*l**2 - 2*l - 26. Let q be r(-16). Let m(o) = -5*o - 5 + 5*o**2 - 2*o**2 - 2*o**2. Calculate m(q).
1
Let j(t) be the second derivative of 1/3*t**3 + 0 + 9*t + t**2 - 1/12*t**4. Calculate j